te the greatest common divisor of 505 and 257045.
505
What is the highest common divisor of 418 and 7546?
22
What is the highest common divisor of 4 and 7498?
2
What is the greatest common divisor of 2821 and 793?
13
What is the highest common factor of 145670 and 7?
7
What is the highest common divisor of 66 and 125466?
66
What is the highest common divisor of 23365785 and 1383?
1383
What is the highest common divisor of 325 and 18044?
13
Calculate the greatest common factor of 67545 and 35055.
855
Calculate the greatest common divisor of 1030 and 460.
10
Calculate the highest common divisor of 1313090 and 50.
10
What is the highest common factor of 261 and 135053?
29
Calculate the greatest common divisor of 24519 and 979.
11
What is the greatest common factor of 339 and 615?
3
What is the highest common factor of 30 and 1624920?
30
What is the highest common factor of 57067 and 13405?
383
Calculate the greatest common factor of 108 and 1556037.
27
What is the greatest common divisor of 44872 and 3160?
632
What is the highest common divisor of 10285 and 748?
187
What is the highest common factor of 23987 and 153459?
289
Calculate the greatest common divisor of 347454 and 24.
6
Calculate the highest common factor of 2813 and 5771.
29
What is the highest common divisor of 78645 and 1926?
321
Calculate the highest common divisor of 540 and 292340.
20
Calculate the highest common factor of 504 and 643272.
168
Calculate the greatest common factor of 1224440 and 700.
140
What is the greatest common factor of 1717 and 306?
17
What is the highest common divisor of 15 and 65616?
3
What is the greatest common factor of 2385035 and 5725?
1145
Calculate the greatest common factor of 15631 and 1595.
319
What is the greatest common factor of 2291 and 11850?
79
What is the highest common divisor of 871097 and 17?
17
What is the highest common divisor of 14 and 539?
7
Calculate the highest common factor of 5946 and 141713.
991
What is the greatest common factor of 28 and 921046?
14
What is the greatest common factor of 70 and 317135?
35
Calculate the greatest common factor of 18130 and 31360.
490
Calculate the highest common factor of 494150 and 650.
50
Calculate the greatest common factor of 36296 and 3224.
104
Calculate the highest common divisor of 21483 and 34782.
1023
Calculate the highest common divisor of 107 and 19110521.
107
What is the greatest common factor of 27745 and 16430?
155
Calculate the greatest common factor of 525 and 87213.
21
Calculate the greatest common divisor of 131118 and 8118.
246
Calculate the greatest common factor of 3158886 and 246.
246
What is the highest common divisor of 151 and 11802915?
151
Calculate the highest common factor of 7700875 and 175.
175
Calculate the highest common divisor of 38144 and 384.
128
What is the greatest common divisor of 6749 and 239391?
397
Calculate the highest common factor of 2684 and 52008.
44
Calculate the greatest common divisor of 108746 and 22.
22
Calculate the highest common divisor of 500 and 16400.
100
What is the highest common divisor of 164502 and 111?
111
Calculate the greatest common divisor of 990 and 1095.
15
Calculate the greatest common divisor of 77805 and 130.
65
What is the greatest common divisor of 9545 and 5810?
415
What is the greatest common factor of 5192 and 2006?
118
Calculate the highest common factor of 127127 and 11.
11
Calculate the greatest common divisor of 23 and 70127.
23
Calculate the greatest common factor of 111198 and 903.
129
Calculate the greatest common divisor of 438 and 2459589.
219
What is the highest common divisor of 5 and 863?
1
What is the highest common factor of 76 and 43111?
19
Calculate the highest common factor of 14 and 179326.
14
Calculate the greatest common factor of 12368 and 192.
16
Calculate the highest common divisor of 5743940 and 1720.
860
Calculate the greatest common divisor of 30 and 270615.
15
Calculate the greatest common factor of 1028 and 24.
4
What is the greatest common factor of 36808 and 184?
8
What is the highest common factor of 8750 and 2870?
70
What is the greatest common divisor of 404 and 1021110?
202
Calculate the highest common factor of 248 and 79732.
124
Calculate the highest common divisor of 864 and 55616.
32
What is the greatest common factor of 2461 and 2944?
23
Calculate the greatest common divisor of 5421 and 3159.
39
Calculate the highest common factor of 525 and 7490.
35
What is the highest common factor of 47045 and 38315?
485
What is the highest common factor of 1539 and 7809?
57
What is the greatest common divisor of 741 and 136021?
19
Calculate the greatest common factor of 21564 and 36.
36
Calculate the highest common factor of 2232684 and 567.
81
Calculate the highest common factor of 1114923 and 885.
177
What is the highest common factor of 18 and 3042?
18
What is the highest common factor of 10679 and 118?
59
Calculate the greatest common factor of 7350 and 84.
42
Calculate the highest common divisor of 8800 and 3160.
40
Calculate the greatest common divisor of 1235160 and 1080.
360
Calculate the greatest common divisor of 17237 and 91.
1
What is the greatest common factor of 1576220 and 424?
212
What is the highest common factor of 1079 and 1313?
13
Calculate the greatest common factor of 704 and 616352.
352
Calculate the greatest common factor of 302 and 508115.
151
Calculate the greatest common divisor of 3662 and 14.
2
Calculate the highest common divisor of 1502700 and 900.
300
Calculate the greatest common factor of 263454 and 874.
38
What is the highest common divisor of 7394 and 4?
2
What is the highest common divisor of 1044 and 348?
348
What is the highest common factor of 84 and 114828?
84
Calculate the greatest common divisor of 60 and 984140.
20
Calculate the highest common divisor of 6420 and 1028484.
1284
What is the greatest common divisor of 5814 and 1860138?
342
What is the greatest common divisor of 1029 and 5880?
147
What is the greatest common factor of 80 and 256840?
40
Calculate the highest common factor of 171037 and 68.
17
What is the greatest common factor of 11536 and 1529962?
1442
What is the highest common divisor of 22527 and 54?
9
What is the highest common divisor of 6 and 412?
2
What is the greatest common divisor of 1091 and 10494329?
1091
Calculate the highest common factor of 3386267 and 23.
23
What is the greatest common factor of 105 and 41825?
35
Calculate the greatest common factor of 74746 and 266.
266
What is the highest common factor of 6017490 and 15?
15
What is the greatest common factor of 39 and 38649?
39
What is the greatest common divisor of 255 and 1527?
3
Calculate the highest common factor of 38050 and 25.
25
What is the greatest common divisor of 724 and 499198?
362
Calculate the highest common divisor of 3280 and 1257060.
820
What is the highest common factor of 4071 and 24603?
177
Calculate the highest common divisor of 139061 and 18016.
563
Calculate the greatest common factor of 110 and 210450.
10
What is the greatest common factor of 3180 and 4860?
60
What is the highest common divisor of 44 and 2565970?
22
Calculate the greatest common factor of 15 and 109206.
3
What is the greatest common divisor of 5616 and 1196?
52
Calculate the greatest common divisor of 9014758 and 46.
46
Calculate the greatest common divisor of 44737 and 2303.
49
What is the greatest common divisor of 74336 and 874?
46
Calculate the highest common factor of 5214 and 3634.
158
What is the highest common divisor of 233625 and 1575?
525
Calculate the greatest common divisor of 80 and 243568.
16
Calculate the highest common factor of 62 and 36301.
31
What is the highest common factor of 2450 and 420?
70
Calculate the highest common divisor of 27 and 3951.
9
What is the greatest common divisor of 312 and 1257464?
104
Calculate the greatest common factor of 5 and 518.
1
What is the greatest common factor of 1728 and 6435?
9
What is the greatest common divisor of 203889 and 73?
73
Calculate the highest common factor of 14434 and 2884.
14
What is the greatest common factor of 6 and 197058?
6
Calculate the greatest common divisor of 13501 and 46.
23
Calculate the highest common divisor of 5676 and 17039.
11
What is the highest common factor of 635 and 36449?
127
Cal